x be n(-7). What is the highest common factor of 18 and x?
6
Suppose 2*g - 4*g = -2*n - 44, -4*g - 2*n = -64. Let o(z) = -6*z**2 + z - 2. Let f be o(-2). Let a = 46 + f. What is the highest common divisor of a and g?
18
Let p(m) = 17*m**2 + 1. Let x(k) = -k - 4. Let h be x(-5). Let q be p(h). Calculate the highest common factor of 198 and q.
18
Let n(q) = q**3 + 5*q**2 + 2*q - 4. Let y be n(-3). Let z = y + 9. Calculate the highest common divisor of 17 and z.
17
Let j(c) = c**2 - 4*c - 2. Let x be j(-6). Calculate the greatest common factor of x and 145.
29
Let f(n) = n + 13. Let k be f(-7). Suppose -63 = -3*m - k. Let q = 201 - 182. What is the highest common divisor of m and q?
19
Let m be 44/6 - 2/(-3). Suppose -20 = -g + 3*h, 3*g - 3*h = -h + 32. What is the highest common divisor of m and g?
8
Let n = 173 + -102. Let a = n - 22. Let m(k) = k**2 + 2*k + 4. Let p be m(-3). What is the greatest common divisor of a and p?
7
Let m be -2*2 + 2 + 4. Suppose -2*d + 0 - m = 0. Let g be 5/2 + d/2. What is the highest common factor of 2 and g?
2
Let i(p) = p**2 + 27. Let k be i(0). Suppose -9 = c - k. Let w(m) = 3*m**2 - 3*m. Let b be w(-5). What is the highest common divisor of c and b?
18
Let r = -25 - -49. Calculate the highest common divisor of r and 96.
24
Let m = -4 - -8. Suppose m*i = i - 66. Let q = -10 - i. What is the highest common divisor of q and 6?
6
Suppose -4*c + q - 3201 = -7*c, 5*c - 2*q - 5324 = 0. Suppose -2*b - 372 = 3*g - c, -12 = 3*b. What is the highest common divisor of 26 and g?
26
Let x be -2 - 130/(-9 - -4). Calculate the greatest common divisor of 3 and x.
3
Suppose m + 3 = -2*m. Let u be 1/m*10/(-2). Suppose 2*b + 4*n = 30, -3*b = b - u*n - 34. What is the highest common factor of b and 77?
11
Let f = -133 - -197. What is the highest common factor of 8 and f?
8
Let o be 133 - (-1 + -2 + 3). Calculate the greatest common divisor of 19 and o.
19
Suppose -4*v + 2*i = -690, 2*i + 246 = 2*v - 94. What is the highest common factor of v and 25?
25
Let j be (-3)/2*10/(-3). Calculate the highest common factor of j and 45.
5
Let m(r) = 105*r - 2. Let x be m(3). Let s = 453 - x. Calculate the greatest common divisor of s and 14.
14
Let u = -2 - -4. Let g(p) = -6*p**u + 3*p**2 - 6*p + 2*p**2 + 3. Let q be g(-5). What is the highest common factor of q and 32?
8
Let v be (30/4)/((-3)/(-12)). Let b = 21 - v. Let f = b - -19. What is the highest common divisor of 25 and f?
5
Suppose 3*z = 14 + 4. What is the greatest common divisor of 42 and z?
6
Suppose 3*x + 2 + 4 = 0. Let z be 0 - (-2)/(x/(-1)). Let u = 15 - z. What is the highest common divisor of u and 112?
14
Suppose -4*j + 1 = -7, 0 = -3*w - j - 28. Let c be (-1)/(-2) - 255/w. Calculate the highest common divisor of 130 and c.
26
Let h = 94 - 80. What is the greatest common divisor of 224 and h?
14
Let v(c) = 2*c**2 - 6. Let w be v(-6). Let o be ((-88)/2 + 0)*-1. Calculate the highest common divisor of o and w.
22
Let m = 0 + 2. Calculate the greatest common divisor of m and 14.
2
Let s = 39 + -23. What is the highest common factor of 128 and s?
16
Let a(f) = 2*f - 2. Let o be a(5). Let j(z) = z**3 + 10*z**2 - 12*z - 7. Let s be j(-11). Let d = -2 + s. Calculate the greatest common divisor of o and d.
2
Let p = 33 - 14. Calculate the greatest common factor of p and 19.
19
Let f = -83 - -99. Calculate the greatest common divisor of 40 and f.
8
Suppose -q + 2 + 1 = 4*o, 4*o - 18 = -2*q. Let f = -7 + q. Calculate the highest common divisor of f and 12.
4
Let b be ((-12)/(-16))/(1/56). Calculate the highest common divisor of 6 and b.
6
Suppose b + b + x = 77, -62 = -2*b + 4*x. Suppose 2*w - w - o - b = 0, o - 131 = -3*w. Calculate the greatest common divisor of w and 6.
6
Let j(i) = i - 4. Let r be j(4). Let k be (-4)/18 - (-3280)/18. Suppose r*a - 2*a = -k. What is the highest common factor of a and 13?
13
Let q be 4 + (-72)/20 + 148/5. What is the greatest common factor of q and 18?
6
Let q(n) = 2*n**3 - 6*n**2 - 1. Let v(y) = y**3 - 6*y**2 - 2. Let s(g) = 2*q(g) - 3*v(g). Let z be s(-6). What is the greatest common factor of 6 and z?
2
Let q(o) = o**3 + 10*o**2 - 5*o + 13. Let f be q(-10). Calculate the greatest common divisor of f and 9.
9
Let c(i) = -4*i**2 - 4*i - 1. Let l be c(-4). Let d = l + 71. Let m = -79 + 134. What is the highest common divisor of m and d?
11
Suppose 2 = -2*l - 4, -l = -5*v + 78. Calculate the highest common divisor of v and 105.
15
Let g = 48 - 34. Let m be (-1)/(-2) - 446/(-4). Calculate the highest common divisor of g and m.
14
Suppose 5*y = 138 + 27. What is the highest common factor of 3 and y?
3
Let p(l) = l**3 - 11*l**2 - 7*l - 10. Let x be p(12). Suppose -10 = 2*b, 3*t - 5*b - 38 = x. What is the highest common factor of 14 and t?
7
Let y(a) = -a**3 - 4*a**2 - 9*a. Let n be y(-6). Let z(f) = f**2 + 2*f + 6. Let p be z(-4). What is the highest common factor of p and n?
14
Let x(c) = -c**2 - 12*c + 12. Suppose -2*f - 11 - 9 = 0. Let b be x(f). What is the highest common factor of b and 8?
8
Suppose 3*c - 3*w = 18, -4*c + 3*c = 5*w + 6. Let b be (-124)/(-20) + 1/(-5). What is the highest common factor of b and c?
2
Let a be 16/(-20)*(-40)/4. Calculate the highest common factor of 40 and a.
8
Let j be 3 - (-6 + 3)*1. Let x be 1134/(-12)*(-8)/j. Calculate the greatest common divisor of 14 and x.
14
Let u = -27 + 51. What is the greatest common divisor of u and 24?
24
Suppose l + 0*l - 2 = 0, 30 = 5*v + 5*l. Suppose -v*s = -115 - 65. Calculate the highest common divisor of 5 and s.
5
Suppose -3 = -q - 0. Suppose n = -4*n + 15. Let b be n/(5 - 2)*33. What is the greatest common divisor of q and b?
3
Let y be -1 + -17 + (2 - 0). Let p be 0 - 1/(-1) - y. Suppose 680 + 68 = 4*w. What is the greatest common factor of w and p?
17
Suppose -8*y + 60 = -564. Suppose 4*z - 104 = -0*z. Calculate the greatest common factor of y and z.
26
Let a(c) = -22*c**3. Let n be a(-1). Suppose 0*s = -2*s - 5*i - 4, 5*i = 4*s - n. What is the greatest common divisor of 3 and s?
3
Let g(u) = 2*u**2 - 11*u - 55. Let z be g(9). Let i be 16/(1 + (-1)/2). What is the greatest common factor of i and z?
8
Suppose 2*x - 5*i = 0, 3*x - 4*x + i = -6. Let a be 60/9*12/x. Let s be 6/1 - (-2 - 0). Calculate the greatest common factor of a and s.
8
Suppose -3*r + 48 = -r - 3*w, -4*w = -2*r + 52. Let f = 21 + r. Calculate the highest common divisor of 13 and f.
13
Suppose -647 = -5*w - 107. Suppose 2*l + l - w = 0. What is the greatest common divisor of 24 and l?
12
Let i(n) = -181*n - 1. Let w be i(-1). Let a be (-2)/(-6)*(0 - 0). Let c be a/(-1) + 1*18. What is the highest common factor of c and w?
18
Let x = 55 + -10. Suppose -4*n + 6 + 66 = 0. What is the greatest common factor of n and x?
9
Suppose v = 2*k - 1, -4*v - v - 4*k + 51 = 0. Let w(b) = b**2 - 6*b - 1. Let h be w(v). Let f be h*(14/4 + -2). Calculate the highest common divisor of 1 and f.
1
Let s = -66 - -91. Calculate the highest common divisor of s and 75.
25
Let y = -27 - -32. What is the highest common factor of y and 40?
5
Suppose 0 = -3*n - n - 5*d + 106, -4*n + 3*d = -90. Calculate the greatest common divisor of n and 8.
8
Suppose -t = n - 21, -t + 2*n - 20 = -2*t. What is the highest common divisor of 22 and t?
22
Suppose 0 = 7*m + 114 - 156. What is the highest common factor of 66 and m?
6
Let j(h) = -2*h - 3. Suppose -5*i + i - 8 = 0. Let x be j(i). Let q = x - -16. Calculate the greatest common factor of 153 and q.
17
Let v(k) = 3*k. Let t be v(1). Suppose 0 = t*i + 3*o - 244 - 11, -97 = -i - 4*o. Let z be 1/(-3) + 56/6. Calculate the greatest common divisor of z and i.
9
Suppose 0 = -3*n + 2 + 1. Let s be n + 3*(-2)/(-3). Suppose -q - 4*p = -33, -92 = -3*q - 4*p - 17. Calculate the greatest common divisor of s and q.
3
Let m = 241 - -2. Calculate the highest common factor of 27 and m.
27
Let a = -1 + 16. Let f be ((-18)/a)/((-2)/10). Suppose 4*x + 5*k - 24 = 0, x - k - f = -0. What is the highest common divisor of 2 and x?
2
Let c(u) = 95*u**3 + 2*u**2 - 4*u + 2. Let d be c(1). What is the greatest common divisor of 38 and d?
19
Let p(m) = m**2 - 3*m - 3. Let k be p(5). Calculate the highest common factor of k and 7.
7
Let k = -28 - -46. Calculate the highest common factor of k and 27.
9
Let l(a) = a**2 - 11*